19
Calculate the remainder when 32 is divided by (6/4*-12)/(8/(-4)).
5
Let w(q) = 3 + 4*q**3 + 11*q**2 + 9*q - 2*q**3 - q**3. Let z(x) = x - 5. Let s be z(-5). Calculate the remainder when 38 is divided by w(s).
12
Let q = 16 - 3. What is the remainder when ((-14)/4)/(((-78)/(-84))/(-13)) is divided by q?
10
Let q be 3/(-6)*2 + -13. What is the remainder when 12 is divided by 2/1*q/(-4)?
5
Let m = 19 - 15. Let h(f) = -5*f**2 - 10*f - 6. Let x(r) = -6*r**2 - 11*r - 6. Let p(o) = -5*h(o) + 4*x(o). What is the remainder when p(-6) is divided by m?
2
Let l = -31 + 49. Suppose -l - 1 = -w. Let y(q) = -6*q**3 - 3*q**2 + 1. Calculate the remainder when y(-2) is divided by w.
18
Let k = -28 - -40. Calculate the remainder when 45 is divided by k.
9
What is the remainder when 91/10*12/(-7)*-5 is divided by 40?
38
Suppose 0 = -0*f - 2*f + 68. Calculate the remainder when f/(-6)*(1 - 7) is divided by 12.
10
Let h(t) = -2*t + 24. What is the remainder when 12 is divided by h(10)?
0
Let x(s) = 4*s + 12. Let h(v) = -3*v - 11. Let q(y) = -3*h(y) - 2*x(y). Let b be q(-5). Suppose 90 = b*d + d. What is the remainder when 53 is divided by d?
17
Let v(k) = 4*k - 4. Let o be v(6). Suppose -o = a + 4*a. Let z = a + 7. What is the remainder when z is divided by 2?
1
Let b(m) = 2*m**2 - 2*m - 10. Calculate the remainder when b(-7) is divided by 35.
32
Let r = -11 - -11. Suppose 48 = -r*s + 4*s. What is the remainder when 23 is divided by s?
11
Calculate the remainder when 15 is divided by ((-135)/75)/(1/(-5)).
6
Suppose 28*q - 21 = 27*q. What is the remainder when 39 is divided by q?
18
Suppose 2*q - n - 20 = 0, -3*q - n + 15 + 5 = 0. Calculate the remainder when 27 is divided by q.
3
Let h be 2/1*(-51)/(-2). What is the remainder when 25 is divided by 1/(h/(-27) - -2)?
7
Let d(l) = 4*l**2 + l - 5. Let i = 4 + 6. Calculate the remainder when d(-3) is divided by i.
8
Let j(r) = 4*r**2 + r - 2. Suppose -6*s + s = 10. What is the remainder when 23 is divided by j(s)?
11
Let l = -37 + 100. Calculate the remainder when l is divided by 22.
19
Let j(u) = 2*u - 12. Let x be j(8). Suppose x*w = 20, 0*g + 2*w + 44 = 3*g. What is the remainder when 53 is divided by g?
17
Let x(f) = -f + 14. Let a be (-33)/(-9) - (-6)/(-9). Suppose -4*t + 5*t + a*j - 63 = 0, 4*t - j - 213 = 0. Calculate the remainder when t is divided by x(0).
12
Let j = 17 + 0. Let t = -81 - -199. Let w = -68 + t. Calculate the remainder when w is divided by j.
16
Suppose -1 = -2*u + 3. Suppose -u*o - 22 = -4*o. Calculate the remainder when o is divided by 6.
5
Let d = -8 + 11. Suppose 4*r - 2 - 145 = -5*k, -3*k = d*r - 111. What is the remainder when r is divided by 8?
6
Suppose -2*t + 0*t + 14 = 0. Suppose -5*a - 30 = 35. What is the remainder when (a/(-3))/((-2)/(-6)) is divided by t?
6
Let j(t) = -12*t**2 - t. Let c be j(-1). Let d(k) = k**2 + 9*k - 18. Calculate the remainder when d(c) is divided by 3.
1
Let y be 19 - -1*3/(-1). Suppose -3*f = -y - 29. What is the remainder when f is divided by 8?
7
Suppose 0*n - 6 = -3*n. Suppose 0 = -n*u - u + 12. Calculate the remainder when 5 is divided by u.
1
Suppose t - 96 = 4*l, -5*t + 0*l = 4*l - 552. Let f = 159 - t. Calculate the remainder when f is divided by 18.
15
Suppose 0 = 5*g - 12 - 8. Suppose 5*h = g*h - 3*t, 3*h = t + 30. Calculate the remainder when 34 is divided by h.
7
Suppose 0 = -s + h + 7, -s = -2*h - 2*h - 7. What is the remainder when s is divided by (2/(-3))/(3/(-18))?
3
Let l(y) = y**3 - 3*y**2 - 6*y - 7. Let k be l(5). What is the remainder when 38 is divided by (-1)/((3/k)/(-3))?
12
What is the remainder when 110 is divided by 3/(-18) + -2*(-223)/12?
36
Let u = 0 - -2. Suppose 9 = u*j + 1. Calculate the remainder when j is divided by 3.
1
Let m = -158 + 102. Let k = -15 - m. Calculate the remainder when k is divided by 22.
19
Let v = -12 - -46. Suppose 0 = -a + 2*x + 4 + 4, -2*x + 4 = 0. What is the remainder when v is divided by a?
10
Let t = 14 - -6. Suppose -m + 3 = -2. Suppose 6 = r - m. What is the remainder when t is divided by r?
9
Suppose 4*o + o - 100 = -3*v, 5*v - o = 204. Let d = v + -22. Calculate the remainder when d is divided by 10.
8
Suppose -12*o = -6*o - 168. What is the remainder when o is divided by 11?
6
Suppose -5 + 3 = -p, -5*t + p + 3 = 0. Let q = t + 0. Suppose 67 - q = 3*y. Calculate the remainder when y is divided by 8.
6
Let n = 0 - 0. Suppose -s - 3*s + 76 = n. What is the remainder when s is divided by 7?
5
Let h be ((-1)/(-2))/((-1)/(-10)). Suppose -h*i + f - 15 + 74 = 0, -5*i = 2*f - 47. What is the remainder when i is divided by 2/5 + 54/15?
3
Suppose -5*n - 3*s + 18 = 0, 4*n + n - 5*s - 10 = 0. Suppose 2*o - 15 = d - 0, -d = -n. Calculate the remainder when 15 is divided by o.
6
Let o(l) = 7*l + 2. What is the remainder when 85 is divided by o(6)?
41
Let m = -4 + 8. Suppose -37 = -m*u - 9. What is the remainder when u is divided by 5?
2
Suppose 5*j + c - 5 = 0, c = -4*j - c + 4. Let u be (-1)/(-4) - (-11)/4. Suppose -5*d + 0 - 10 = 0, -5*w + u = d. What is the remainder when w is divided by j?
0
Suppose 7*f - 4*f - 57 = 0. Calculate the remainder when 54 is divided by f.
16
Let o be 7/14 + (-1)/(-2). Suppose -o = -a - 6. Let t = a + 15. What is the remainder when 18 is divided by t?
8
Suppose -4 = -4*q + 16. Let o(t) = -2*t - 10. Let n be o(-8). Calculate the remainder when (21 - n) + 3 + 0 is divided by q.
3
Let t = 30 - 20. What is the remainder when t/(-8)*(3 - 7) is divided by 4/14*(21 + -7)?
1
Let z(u) = u**2 + 6*u + 1. Let k(g) = g**3 - 4*g**2 - 5*g - 7. Let p be k(5). What is the remainder when 14 is divided by z(p)?
6
Let d = 84 + -57. Calculate the remainder when d is divided by 7.
6
Suppose -4*b - 4 = -52. Suppose -6*l + b = -2*l. Suppose 0 = -y + 3*v + 8, -v = -0*y + 5*y - 56. What is the remainder when y is divided by l?
2
Let a(f) = -f - 1. Let i be a(-4). Suppose i*r + 20 = 4*r. Calculate the remainder when r is divided by 11.
9
Let d = 16 + -11. What is the remainder when d is divided by 4?
1
What is the remainder when ((-10)/4)/((-1)/4) is divided by 5?
0
Suppose 5*b + 5*p = 35, 7*b - 37 = 2*b - 3*p. Calculate the remainder when 14 is divided by b.
6
Let t = 5 + -1. Suppose 0 = 5*r - 3*n - 146, -t*n - 32 = -r - 2*n. Calculate the remainder when 83 is divided by r.
27
Let q be ((-3)/(-6))/((-1)/18). Suppose 3*x = 5*x + 8. Let h = x - q. What is the remainder when 14 is divided by h?
4
Suppose 4*l + 727 = 5*d, 3*d - 417 = -0*d - 4*l. What is the remainder when d is divided by 18?
17
Let o be (0 - (2 - 1)) + -2. Let w = 3 - o. Let r(g) = g**3 - 3*g**2 + 3*g + 2. What is the remainder when r(3) is divided by w?
5
Let x(b) = -b - 4. Let t be x(-3). What is the remainder when 26 is divided by (t + 10/(-4))*-4?
12
Let o(k) = k**3 + 5*k**2 + 3*k - 3. Let s be o(-3). Suppose c + s = 15. What is the remainder when (2/3)/(3/108) is divided by c?
6
Suppose 49 = -2*h - 121. Let t = h - -124. Calculate the remainder when t is divided by 20.
19
Suppose -2*x - x - 3*i + 114 = 0, -5*i = 2*x - 76. Suppose -j + 6 = -4. Calculate the remainder when x is divided by j.
8
Let y(d) = d**3 - 8*d**2 - 8*d + 5. What is the remainder when 25 is divided by y(9)?
11
Let b be 2/(16/(-10) + 2). Suppose 5*f - b*r - 90 = 0, -r = 3*f - 3*r - 49. Calculate the remainder when 50 is divided by f.
11
Suppose 0 + 14 = j. Let a = 19 - 15. Calculate the remainder when a/3 - (-77)/3 is divided by j.
13
Suppose -5*o = 30 + 5. Let k(y) = y**3 + 6*y**2 - 9*y - 7. What is the remainder when k(o) is divided by 3?
1
Let x(k) = 6*k**2 - 3*k - 1. Let h = 3 - 3. Suppose c + h - 3 = 0. What is the remainder when x(c) is divided by 23?
21
Suppose -4*s - u + 25 = -2*u, 4*s + 2*u = 22. What is the remainder when 64 is divided by s?
4
Let w(m) = m**2 + 3*m - 7. Suppose -4*b = -b + 15. Let y be w(b). Calculate the remainder when 20 is divided by -2 + (-26)/(-6)*y.
9
Let g(r) = -2*r - 9. Let d be g(-8). Let h be (-2)/d - 2/(-7). Suppose -3*a + h*a = 4*p - 18, 2*a + 4*p = 8. What is the remainder when a is divided by 6?
4
Let l(h) = -2*h**3 - 3*h**2 - 2*h + 3. What is the remainder when 71 is divided by l(-3)?
35
Let y be (-246)/(-8) - (-4)/16. Let q = y - 17. Let c(j) = -5*j - 4. What is the remainder when c(-6) is divided by q?
12
Let i = 18 - 